n 265249487 is divided by 5?
2
Calculate the remainder when 289513929 is divided by 5.
4
What is the remainder when 166533 is divided by 37760?
15493
What is the remainder when 47041 is divided by 1140?
301
What is the remainder when 178353 is divided by 17740?
953
Calculate the remainder when 11464 is divided by 4234.
2996
Calculate the remainder when 236117 is divided by 236111.
6
Calculate the remainder when 80284103 is divided by 9463.
11
What is the remainder when 26375 is divided by 18288?
8087
Calculate the remainder when 93014 is divided by 4286.
3008
Calculate the remainder when 57616 is divided by 57520.
96
Calculate the remainder when 235856 is divided by 2669.
984
What is the remainder when 77684 is divided by 3695?
89
What is the remainder when 179724 is divided by 29684?
1620
Calculate the remainder when 12354412 is divided by 62396.
4
What is the remainder when 430980 is divided by 2147?
1580
What is the remainder when 1876321 is divided by 325?
96
Calculate the remainder when 42521351 is divided by 24.
23
Calculate the remainder when 1510935 is divided by 1915.
0
Calculate the remainder when 530982 is divided by 410.
32
What is the remainder when 68754575 is divided by 2106?
2099
Calculate the remainder when 119233234 is divided by 99.
10
What is the remainder when 19419182 is divided by 3883830?
32
What is the remainder when 5292395 is divided by 737?
735
What is the remainder when 3048813 is divided by 1937?
1912
Calculate the remainder when 43598 is divided by 2246.
924
Calculate the remainder when 2348214 is divided by 395.
334
Calculate the remainder when 229807 is divided by 114560.
687
What is the remainder when 4476028 is divided by 2238009?
10
Calculate the remainder when 3598815 is divided by 3376.
3375
Calculate the remainder when 545231 is divided by 4659.
128
Calculate the remainder when 342073 is divided by 31.
19
What is the remainder when 99728414 is divided by 6764?
6762
Calculate the remainder when 10065912 is divided by 19.
16
What is the remainder when 14553727 is divided by 211?
2
Calculate the remainder when 169821 is divided by 29.
26
What is the remainder when 878479 is divided by 439238?
3
What is the remainder when 764750 is divided by 21845?
175
What is the remainder when 652027 is divided by 47?
43
Calculate the remainder when 2543366 is divided by 102.
98
Calculate the remainder when 52231 is divided by 8699.
37
Calculate the remainder when 652648 is divided by 3050.
2998
Calculate the remainder when 3335516 is divided by 23.
10
What is the remainder when 8101963 is divided by 3047?
3037
Calculate the remainder when 2397 is divided by 922.
553
Calculate the remainder when 1288425 is divided by 226.
225
What is the remainder when 705455 is divided by 44090?
15
What is the remainder when 914917 is divided by 304831?
424
Calculate the remainder when 40558745 is divided by 21.
17
What is the remainder when 161002 is divided by 160560?
442
Calculate the remainder when 2525075 is divided by 7073.
14
What is the remainder when 47599 is divided by 16?
15
What is the remainder when 186966 is divided by 186783?
183
What is the remainder when 115810 is divided by 16429?
807
What is the remainder when 1319373 is divided by 25?
23
What is the remainder when 202263 is divided by 28852?
299
What is the remainder when 32363852 is divided by 141?
122
What is the remainder when 1789723 is divided by 305?
288
What is the remainder when 87920 is divided by 29218?
266
What is the remainder when 49482 is divided by 47626?
1856
What is the remainder when 566179 is divided by 1845?
1609
Calculate the remainder when 1474292 is divided by 1474244.
48
What is the remainder when 12930480 is divided by 4310156?
12
What is the remainder when 166659 is divided by 4766?
4615
What is the remainder when 320076 is divided by 18796?
544
Calculate the remainder when 9536979 is divided by 42.
39
Calculate the remainder when 460381 is divided by 363.
97
What is the remainder when 187087 is divided by 46735?
147
Calculate the remainder when 517439 is divided by 2889.
308
Calculate the remainder when 22078842 is divided by 335.
332
Calculate the remainder when 887596 is divided by 177517.
11
Calculate the remainder when 772194 is divided by 3842.
3794
What is the remainder when 21913840 is divided by 3854?
3850
What is the remainder when 7913144 is divided by 293079?
11
Calculate the remainder when 6178025 is divided by 821.
0
Calculate the remainder when 264016 is divided by 1200.
16
What is the remainder when 3279641 is divided by 166?
145
Calculate the remainder when 1550588 is divided by 144.
140
What is the remainder when 1150359419 is divided by 3138?
3137
Calculate the remainder when 9873272 is divided by 28785.
17
What is the remainder when 35269621 is divided by 247?
244
What is the remainder when 2234537 is divided by 1117261?
15
What is the remainder when 32404112 is divided by 21?
20
Calculate the remainder when 561856 is divided by 1911.
22
Calculate the remainder when 7508997 is divided by 208.
197
What is the remainder when 2635403 is divided by 1089?
23
What is the remainder when 109991 is divided by 109925?
66
Calculate the remainder when 6369436 is divided by 121.
117
What is the remainder when 276306 is divided by 1584?
690
Calculate the remainder when 10148454 is divided by 5074188.
78
What is the remainder when 2234024 is divided by 15844?
20
Calculate the remainder when 567610 is divided by 4158.
2122
What is the remainder when 50543 is divided by 11905?
2923
Calculate the remainder when 201835 is divided by 49605.
3415
What is the remainder when 392914 is divided by 3330?
3304
Calculate the remainder when 51042 is divided by 545.
357
Calculate the remainder when 8626764 is divided by 1778.
1686
What is the remainder when 139505 is divided by 3219?
1088
Calculate the remainder when 321846 is divided by 5108.
42
Calculate the remainder when 5993 is divided by 192.
41
What is the remainder when 96627997 is divided by 3400?
3397
What is the remainder when 758854 is divided by 32993?
15
Calculate the remainder when 442971 is divided by 22142.
131
What is the remainder when 131223 is divided by 65048?
1127
Calculate the remainder when 1421627 is divided by 473852.
71
Calculate the remainder when 89151 is divided by 28730.
2961
Calculate the remainder when 1920665 is divided by 960055.
555
What is the remainder when 14453 is divided by 393?
305
What is the remainder when 18685 is divided by 8716?
1253
What is the remainder when 13250333 is divided by 2679?
2678
Calculate the remainder when 1037303 is divided by 15.
8
What is the remainder when 338644 is divided by 110749?
6397
Calculate the remainder when 144558 is divided by 350.
8
Calculate the remainder when 321292 is divided by 291.
28
Calculate the remainder when 365198 is divided by 90.
68
What is the remainder when 2294201 is divided by 16504?
145
What is the remainder when 636455 is divided by 482?
215
Calculate the remainder when 4811488 is divided by 21103.
4
What is the remainder when 503354 is divided by 167600?
554
What is the remainder when 277459 is divided by 92078?
1225
What is the remainder when 6332559 is divided by 4488?
4479
Calculate the remainder when 41833 is divided by 1270.
1193
Calculate the remainder when 82464 is divided by 8834.
2958
What is the remainder when 1092501 is divided by 424?
277
What is the remainder when 9957255 is divided by 65942?
13
Calculate the remainder when 1861559 is divided by 3595.
2944
Calculate the remainder when 382280 is divided by 322.
66
Calculate the remainder when 80953801 is divided by 837.
835
Calculate the remainder when 947855 is divided by 315940.
35
Calculate the remainder when 2478784 is divided by 75114.
22
Calculate the remainder when 16099 is divided by 90.
79
What is the remainder when 248431 is divided by 1057?
36
Calculate the remainder when 329511 is divided by 691.
595
What is the remainder when 10466 is divided by 2663?
2477
What is the remainder when 5078215 is divided by 2509?
2508
Calculate the remainder when 384567 is divided by 55.
7
Calculate the remainder when 6526859 is divided by 295.
279
What is the remainder when 64674 is divided by 246?
222
What is the remainder when 83879 is divid